at is the highest common factor of 46 and 101062?
46
Calculate the highest common divisor of 54596 and 20.
4
What is the highest common factor of 10790 and 129610?
130
What is the highest common factor of 3910 and 250?
10
Calculate the highest common divisor of 2975 and 724829.
119
Calculate the greatest common divisor of 168 and 267984.
24
What is the highest common factor of 167 and 1175513?
167
What is the highest common factor of 625976 and 4630?
926
Calculate the highest common divisor of 65427 and 30108.
579
What is the greatest common factor of 53530 and 2525?
505
Calculate the greatest common divisor of 639810 and 90.
90
Calculate the highest common divisor of 1870 and 15620.
110
What is the greatest common factor of 9 and 739953?
9
What is the greatest common divisor of 171090 and 45?
45
What is the highest common divisor of 1464 and 2038254?
366
What is the highest common factor of 25596 and 30?
6
Calculate the highest common factor of 78 and 108134.
26
What is the greatest common factor of 626 and 453537?
313
Calculate the highest common factor of 3324 and 732.
12
Calculate the highest common divisor of 126 and 33978.
42
Calculate the greatest common factor of 608 and 409868.
76
What is the highest common divisor of 899584 and 256?
256
What is the greatest common divisor of 110654 and 244?
122
Calculate the highest common factor of 1991 and 1331.
11
What is the greatest common divisor of 13563677 and 29?
29
What is the highest common divisor of 224 and 3416168?
56
What is the highest common divisor of 144 and 136384?
16
Calculate the highest common factor of 3255 and 135315.
465
What is the highest common divisor of 406032 and 144?
48
What is the highest common divisor of 412 and 8446?
206
Calculate the highest common divisor of 13638 and 129.
3
Calculate the highest common factor of 89720 and 5.
5
What is the greatest common factor of 70 and 12115?
5
What is the greatest common factor of 1995 and 9633?
57
What is the highest common factor of 30195 and 90?
45
Calculate the greatest common divisor of 48 and 8416.
16
Calculate the highest common factor of 534 and 1938.
6
Calculate the greatest common factor of 291226 and 2116.
46
What is the highest common factor of 254288 and 1840?
368
Calculate the greatest common factor of 56 and 1165192.
56
Calculate the greatest common factor of 560856 and 24.
24
Calculate the highest common factor of 34338 and 23010.
354
Calculate the highest common factor of 290 and 335690.
10
What is the highest common factor of 107823 and 17829?
849
Calculate the greatest common factor of 160 and 14480.
80
Calculate the highest common divisor of 504126 and 252.
126
Calculate the greatest common divisor of 11066 and 15593.
503
Calculate the greatest common divisor of 134736 and 192.
48
Calculate the highest common divisor of 1288614 and 1758.
1758
What is the greatest common divisor of 405 and 2130?
15
Calculate the highest common divisor of 698271 and 287.
287
What is the greatest common divisor of 4140 and 250?
10
What is the greatest common factor of 23988 and 1932?
12
Calculate the highest common factor of 50 and 210850.
50
Calculate the greatest common factor of 80 and 140464.
16
What is the greatest common divisor of 17724 and 84?
84
Calculate the greatest common factor of 607508 and 44.
44
What is the highest common divisor of 84640 and 640?
160
Calculate the highest common divisor of 69576 and 1248.
312
What is the greatest common divisor of 221929 and 31?
31
Calculate the greatest common factor of 121935 and 75.
15
Calculate the greatest common factor of 25 and 108630.
5
What is the greatest common divisor of 27972 and 3441?
111
What is the highest common factor of 2639 and 309169?
203
What is the greatest common factor of 70 and 3271835?
35
What is the greatest common factor of 8 and 683736?
8
Calculate the greatest common factor of 26248 and 68.
68
Calculate the greatest common factor of 5617 and 1025.
41
Calculate the greatest common factor of 74663 and 379.
379
Calculate the greatest common factor of 21 and 62013.
21
Calculate the highest common factor of 67760 and 6875.
55
Calculate the highest common factor of 18315 and 935.
55
What is the greatest common divisor of 268 and 46967?
67
What is the highest common factor of 30080 and 1220?
20
Calculate the greatest common divisor of 370 and 10.
10
Calculate the highest common factor of 102001 and 1.
1
What is the greatest common divisor of 10081641 and 254?
127
What is the greatest common divisor of 3978 and 13566?
102
What is the greatest common factor of 45951 and 11271?
867
What is the highest common factor of 1570 and 123088?
314
Calculate the highest common factor of 97953 and 16377.
309
What is the greatest common divisor of 1975 and 68256?
79
What is the greatest common factor of 847 and 301?
7
Calculate the highest common divisor of 172 and 612.
4
What is the highest common factor of 202720 and 28?
28
Calculate the highest common factor of 20 and 24570.
10
What is the highest common divisor of 770875 and 881?
881
What is the highest common divisor of 785 and 1727?
157
What is the highest common divisor of 66598 and 8946?
994
What is the highest common factor of 66724 and 56?
28
What is the greatest common divisor of 4393 and 46?
23
Calculate the greatest common factor of 293273 and 2047.
23
What is the greatest common divisor of 25792 and 148096?
832
Calculate the highest common factor of 1216 and 12673.
19
Calculate the highest common factor of 66788 and 20060.
236
Calculate the highest common divisor of 56 and 39944.
8
What is the greatest common factor of 231 and 61611?
33
Calculate the highest common factor of 696 and 5736.
24
What is the greatest common divisor of 44367 and 10074?
69
Calculate the greatest common factor of 6978 and 18.
6
Calculate the greatest common factor of 2489 and 3743.
19
Calculate the greatest common divisor of 110 and 70323.
11
What is the greatest common factor of 20223 and 10269?
63
What is the highest common factor of 722 and 21166?
38
What is the greatest common factor of 300 and 41016?
12
What is the highest common divisor of 33 and 109483?
11
Calculate the highest common divisor of 300 and 3012.
12
Calculate the highest common divisor of 126 and 18792.
18
Calculate the greatest common factor of 546099 and 145.
29
Calculate the highest common divisor of 29230 and 1850.
370
What is the greatest common factor of 16639 and 154?
7
What is the greatest common divisor of 3880 and 71198?
194
What is the highest common factor of 3313861 and 34?
17
What is the highest common divisor of 5246 and 1333?
43
What is the highest common divisor of 190704 and 12?
12
What is the greatest common divisor of 32841 and 76383?
369
What is the greatest common factor of 2164 and 439?
1
Calculate the highest common factor of 103 and 81885.
103
Calculate the highest common factor of 11 and 1193.
1
Calculate the greatest common divisor of 345828 and 3381.
483
What is the highest common divisor of 7263 and 266041?
269
What is the greatest common factor of 60027 and 449614?
1177
Calculate the greatest common divisor of 28602 and 252.
126
Calculate the highest common factor of 45 and 206490.
15
What is the greatest common divisor of 1028357 and 22?
11
What is the greatest common divisor of 74060 and 252?
28
Calculate the highest common factor of 162 and 141183.
81
Calculate the highest common divisor of 507 and 1638793.
169
Calculate the highest common factor of 216142 and 1072.
134
Calculate the highest common factor of 10659 and 1102.
19
Calculate the highest common factor of 400 and 2807600.
400
What is the highest common divisor of 33 and 240339?
33
Calculate the highest common divisor of 960 and 204690.
30
What is the highest common factor of 160 and 337330?
10
What is the highest common factor of 70 and 2282?
14
What is the greatest common factor of 199485 and 180?
45
What is the highest common divisor of 2211 and 1206?
201
What is the highest common divisor of 30473 and 155?
31
Calculate the greatest common factor of 98106 and 3.
3
What is the highest common divisor of 21 and 85869?
21
Calculate the greatest common factor of 1691 and 4895.
89
Calculate the highest common divisor of 288 and 29898.
18
What is the highest common